{"id":1006,"date":"2025-04-28T12:23:51","date_gmt":"2025-04-28T12:23:51","guid":{"rendered":"https:\/\/ccao.fun\/?page_id=1006"},"modified":"2025-04-28T23:31:19","modified_gmt":"2025-04-28T23:31:19","slug":"gadgets","status":"publish","type":"page","link":"https:\/\/ccao.mazarol-gate.org\/index.php\/gadgets\/","title":{"rendered":"Gadgets"},"content":{"rendered":"\n<div class=\"wpcf7 no-js\" id=\"wpcf7-f997-o1\" lang=\"en-US\" dir=\"ltr\" data-wpcf7-id=\"997\">\n<div class=\"screen-reader-response\"><p role=\"status\" aria-live=\"polite\" aria-atomic=\"true\"><\/p> <ul><\/ul><\/div>\n<form action=\"\/index.php\/wp-json\/wp\/v2\/pages\/1006#wpcf7-f997-o1\" method=\"post\" class=\"wpcf7-form init\" aria-label=\"Contact form\" novalidate=\"novalidate\" data-status=\"init\">\n<fieldset class=\"hidden-fields-container\"><input type=\"hidden\" name=\"_wpcf7\" value=\"997\" \/><input type=\"hidden\" name=\"_wpcf7_version\" value=\"6.1.6\" \/><input type=\"hidden\" name=\"_wpcf7_locale\" value=\"en_US\" \/><input type=\"hidden\" name=\"_wpcf7_unit_tag\" value=\"wpcf7-f997-o1\" \/><input type=\"hidden\" name=\"_wpcf7_container_post\" value=\"0\" \/><input type=\"hidden\" name=\"_wpcf7_posted_data_hash\" value=\"\" \/><input type=\"hidden\" name=\"_uacf7_hidden_conditional_fields\" value=\"\" \/><input type=\"hidden\" name=\"_wpcf7_recaptcha_response\" value=\"\" \/>\n<\/fieldset>\n<div class=\"uacf7-form-wrapper-container uacf7-form-997  \"><h2>Club de Chien d'Arr\u00eat de l'Outaouais : commandes des articles promotionels - a but non lucrative<\/h2>\n\n\n\n<fieldset><legend>Vos d\u00e9tails<\/legend>\n<div class=\"one-half\"> \n<label> Nom(s) de famille:<span class=\"wpcf7-form-control-wrap\" data-name=\"handler_family_name\"><input size=\"40\" maxlength=\"400\" class=\"wpcf7-form-control wpcf7-text wpcf7-validates-as-required\" aria-required=\"true\" aria-invalid=\"false\" value=\"\" type=\"text\" name=\"handler_family_name\" \/><\/span> <\/label>\n<\/div>\n<div class=\"one-half last\"> \n<label> Pr\u00e9nom(s) :<span class=\"wpcf7-form-control-wrap\" data-name=\"handler_given_name\"><input size=\"40\" maxlength=\"400\" class=\"wpcf7-form-control wpcf7-text wpcf7-validates-as-required\" aria-required=\"true\" aria-invalid=\"false\" value=\"\" type=\"text\" name=\"handler_given_name\" \/><\/span> <\/label>\n<\/div>\n\n<div class=\"one-half\"> \n<label> Courriel\/E-Mail : <span class=\"wpcf7-form-control-wrap\" data-name=\"your_email\"><input size=\"40\" maxlength=\"400\" class=\"wpcf7-form-control wpcf7-email wpcf7-validates-as-required wpcf7-text wpcf7-validates-as-email\" aria-required=\"true\" aria-invalid=\"false\" value=\"\" type=\"email\" name=\"your_email\" \/><\/span> <\/label>\n<\/div>\n\n<\/fieldset>\n\n<hr>\nCasquette  co\u00fbt de 20$ chacune (Max 10).\nNo. casquettes a commander <span class=\"wpcf7-form-control-wrap\" data-name=\"nbr_casq\"><input class=\"wpcf7-form-control wpcf7-number wpcf7-validates-as-number\" min=\"0\" max=\"10\" aria-invalid=\"false\" value=\"0\" type=\"number\" name=\"nbr_casq\" \/><\/span> \n\nAutocollant  co\u00fbt de 7$ chacune  (max 10).\nNo. autocollant a commander <span class=\"wpcf7-form-control-wrap\" data-name=\"nbr_autoc\"><input class=\"wpcf7-form-control wpcf7-number wpcf7-validates-as-number\" min=\"0\" max=\"10\" aria-invalid=\"false\" value=\"0\" type=\"number\" name=\"nbr_autoc\" \/><\/span> \n\nClochette de marque  Suisse #10 - petites  co\u00fbt de 20$ chacune  (max 10).\nNo. clochettes a commander <span class=\"wpcf7-form-control-wrap\" data-name=\"nbr_cloc_p\"><input class=\"wpcf7-form-control wpcf7-number wpcf7-validates-as-number\" min=\"0\" max=\"10\" aria-invalid=\"false\" value=\"0\" type=\"number\" name=\"nbr_cloc_p\" \/><\/span> \n\nClochette de marque  Suisse # 8 - grosses co\u00fbt de 30$ chacune  (max 10).\nNo. clochettes a commander <span class=\"wpcf7-form-control-wrap\" data-name=\"nbr_cloc_g\"><input class=\"wpcf7-form-control wpcf7-number wpcf7-validates-as-number\" min=\"0\" max=\"10\" aria-invalid=\"false\" value=\"0\" type=\"number\" name=\"nbr_cloc_g\" \/><\/span> \n\n\nTotal CAN$ :  <span class=\"wpcf7-form-control-wrap a_payer \"><strong class=\"cf7-calculated-name \" size=\"40\" class=\"wpcf7-form-control wpcf7-calculated wpcf7-total number-format ctf7-total\" data-a-sep=\",\" data-a-dec=\".\" data-m-dec=\"0\" data-p-sign=\"s\" readonly=\"readonly\" aria-invalid=\"false\" value=\"0\" type=\"text\" name=\"a_payer\">0<\/strong> <input data-number=\"0\" style=\"display:none;\" size=\"40\" class=\"wpcf7-form-control wpcf7-calculated wpcf7-total number-format ctf7-total\" data-a-sep=\",\" data-a-dec=\".\" data-m-dec=\"0\" data-p-sign=\"s\" readonly=\"readonly\" aria-invalid=\"false\" value=\"0\" type=\"text\" name=\"a_payer\" data-formulas=\"nbr_casq*20+nbr_autoc*7+nbr_cloc_p*20+nbr_cloc_g*30\" \/><\/span>\n<hr>\nVirement Interac au courriel: CCAOclub@hotmail.com \n<hr>\n<div> \n<label>Ajoutez ici tout commentaire ou instruction:\n    <span class=\"wpcf7-form-control-wrap\" data-name=\"commentaires\"><textarea cols=\"60\" rows=\"5\" maxlength=\"2000\" class=\"wpcf7-form-control wpcf7-textarea\" aria-invalid=\"false\" name=\"commentaires\"><\/textarea><\/span><\/label>\n<\/div>\n\n\n<br>\n<ol>\n<li>Je comprends que la soumission du formulaire correspond \u00e0 la signature du formulaire incluant l'obligation de payer d\u00fbment les frais d'achat au club.\n<\/ol><br>\n<br>\n\n\nJ'ai lu, compris et sign\u00e9 (requis): <span class=\"wpcf7-form-control-wrap\" data-name=\"agreed\"><span class=\"wpcf7-form-control wpcf7-checkbox wpcf7-validates-as-required\"><span class=\"wpcf7-list-item first last\"><input type=\"checkbox\" name=\"agreed[]\" value=\"Oui\/Yes\" \/><span class=\"wpcf7-list-item-label\">Oui\/Yes<\/span><\/span><\/span><\/span>\n\n<hr>\n\n\nAssurez-vous de cliquer sur le bouton ci-dessous lorsque vous avez termin\u00e9. Vous recevrez bient\u00f4t une confirmation.\n\n\n<span class=\"wpcf7-form-control-wrap\" data-name=\"newsletter\"><span class=\"wpcf7-form-control wpcf7-checkbox\"><span class=\"wpcf7-list-item first last\"><input type=\"checkbox\" name=\"newsletter[]\" value=\"Je souhaite \u00eatre inform\u00e9 des activit\u00e9s du club\" checked=\"checked\" \/><span class=\"wpcf7-list-item-label\">Je souhaite \u00eatre inform\u00e9 des activit\u00e9s du club<\/span><\/span><\/span><\/span>\n\n<input class=\"wpcf7-form-control wpcf7-submit has-spinner\" type=\"submit\" value=\"Submit\" \/><\/div><div class=\"wpcf7-response-output\" aria-hidden=\"true\"><\/div>\n<\/form>\n<\/div>\n\n\n\n\n<p><\/p>\n","protected":false},"excerpt":{"rendered":"","protected":false},"author":1,"featured_media":0,"parent":0,"menu_order":0,"comment_status":"closed","ping_status":"closed","template":"","meta":{"footnotes":""},"class_list":["post-1006","page","type-page","status-publish","hentry"],"blocksy_meta":{"has_hero_section":"disabled","styles_descriptor":{"styles":{"desktop":"","tablet":"","mobile":""},"google_fonts":[],"version":6}},"featured_image_src":null,"_links":{"self":[{"href":"https:\/\/ccao.mazarol-gate.org\/index.php\/wp-json\/wp\/v2\/pages\/1006","targetHints":{"allow":["GET"]}}],"collection":[{"href":"https:\/\/ccao.mazarol-gate.org\/index.php\/wp-json\/wp\/v2\/pages"}],"about":[{"href":"https:\/\/ccao.mazarol-gate.org\/index.php\/wp-json\/wp\/v2\/types\/page"}],"author":[{"embeddable":true,"href":"https:\/\/ccao.mazarol-gate.org\/index.php\/wp-json\/wp\/v2\/users\/1"}],"replies":[{"embeddable":true,"href":"https:\/\/ccao.mazarol-gate.org\/index.php\/wp-json\/wp\/v2\/comments?post=1006"}],"version-history":[{"count":0,"href":"https:\/\/ccao.mazarol-gate.org\/index.php\/wp-json\/wp\/v2\/pages\/1006\/revisions"}],"wp:attachment":[{"href":"https:\/\/ccao.mazarol-gate.org\/index.php\/wp-json\/wp\/v2\/media?parent=1006"}],"curies":[{"name":"wp","href":"https:\/\/api.w.org\/{rel}","templated":true}]}}