{"id":1747,"date":"2026-03-29T14:55:27","date_gmt":"2026-03-29T19:55:27","guid":{"rendered":"https:\/\/ccao.fun\/?page_id=1747"},"modified":"2026-03-30T06:55:45","modified_gmt":"2026-03-30T11:55:45","slug":"101fr","status":"publish","type":"page","link":"https:\/\/ccao.mazarol-gate.org\/index.php\/101fr\/","title":{"rendered":"101FR"},"content":{"rendered":"\n<h2 class=\"wp-block-heading\"><strong>Cours 101 : Acc\u00e8s \u00e0 la zone membres du CCAO<\/strong>&nbsp;<\/h2>\n\n\n\n<h3 class=\"wp-block-heading\">Pr\u00e9ambule&nbsp;<\/h3>\n\n\n\n<p>Bienvenue dans l&rsquo;espace membre du Club de Chien d\u2019arr\u00eat de l\u2019Outaouais (CCAO) ! Notre nouveau site web a \u00e9t\u00e9 con\u00e7u pour vous simplifier la vie.&nbsp;<\/p>\n\n\n\n<div class=\"wp-block-columns is-layout-flex wp-container-core-columns-is-layout-28f84493 wp-block-columns-is-layout-flex\">\n<div class=\"wp-block-column is-layout-flow wp-block-column-is-layout-flow\">\n<figure class=\"wp-block-image size-large is-resized\"><img loading=\"lazy\" decoding=\"async\" width=\"1024\" height=\"683\" src=\"https:\/\/ccao.mazarol-gate.org\/wp-content\/uploads\/2026\/03\/IMG_3703.JPG-1200x900-90-1-1024x683.jpg\" alt=\"\" class=\"wp-image-1678\" style=\"aspect-ratio:1.499321514554607;width:405px;height:auto\" srcset=\"https:\/\/ccao.mazarol-gate.org\/wp-content\/uploads\/2026\/03\/IMG_3703.JPG-1200x900-90-1-1024x683.jpg 1024w, https:\/\/ccao.mazarol-gate.org\/wp-content\/uploads\/2026\/03\/IMG_3703.JPG-1200x900-90-1-300x200.jpg 300w, https:\/\/ccao.mazarol-gate.org\/wp-content\/uploads\/2026\/03\/IMG_3703.JPG-1200x900-90-1-768x512.jpg 768w, https:\/\/ccao.mazarol-gate.org\/wp-content\/uploads\/2026\/03\/IMG_3703.JPG-1200x900-90-1.jpg 1200w\" sizes=\"auto, (max-width: 1024px) 100vw, 1024px\" \/><\/figure>\n<\/div>\n\n\n\n<div class=\"wp-block-column is-layout-flow wp-block-column-is-layout-flow\">\n<p><strong>Gr\u00e2ce \u00e0 votre compte, vous pouvez d\u00e9sormais :<\/strong>&nbsp;<\/p>\n\n\n\n<ul class=\"wp-block-list\">\n<li>Vous&nbsp;inscrire&nbsp;au club et mettre \u00e0 jour votre profil en tout temps.&nbsp;<\/li>\n\n\n\n<li>R\u00e9server vos places pour les activit\u00e9s et formations.&nbsp;<\/li>\n\n\n\n<li>Commander des oiseaux en quelques clics.&nbsp;<\/li>\n\n\n\n<li>Consulter l\u2019annuaire des membres du club.&nbsp;<\/li>\n\n\n\n<li>R\u00e9cup\u00e9rer facilement un mot de passe perdu.&nbsp;<\/li>\n<\/ul>\n<\/div>\n<\/div>\n\n\n\n<p><strong>Le saviez-vous ?<\/strong>&nbsp;Une fois connect\u00e9, le syst\u00e8me remplit automatiquement les formulaires pour vous. Plus besoin de saisir vos informations \u00e0 chaque r\u00e9servation !&nbsp;<\/p>\n\n\n\n<h3 class=\"wp-block-heading\">Comment s&rsquo;enregistrer (Devenir membre)&nbsp;<\/h3>\n\n\n\n<p>Pour rejoindre le club, vous devez poss\u00e9der une adresse courriel valide. L\u2019inscription se fait en&nbsp;<strong>quatre \u00e9tapes simples<\/strong>&nbsp;:&nbsp;<\/p>\n\n\n\n<ol start=\"1\" class=\"wp-block-list\">\n<li><strong>Inscription :<\/strong>&nbsp;Remplissez le formulaire sous l\u2019onglet&nbsp;<strong>\u00ab DEVENIR MEMBRE \u00bb<\/strong>.&nbsp;<\/li>\n\n\n\n<li><strong>Confirmation :<\/strong>&nbsp;Le syst\u00e8me vous envoie un lien de validation par courriel (cela peut prendre 5 \u00e0 10 minutes).&nbsp;<em>Si vous ne voyez rien apr\u00e8s 15 minutes, v\u00e9rifiez votre dossier \u00ab\u00a0Ind\u00e9sirables\u00a0\u00bb (Spam).<\/em>&nbsp;<\/li>\n\n\n\n<li><strong>Validation :<\/strong>&nbsp;Cliquez sur le lien re\u00e7u pour confirmer que vous \u00eates bien le propri\u00e9taire de l&rsquo;adresse courriel.&nbsp;<\/li>\n\n\n\n<li><strong>Finalisation :<\/strong>&nbsp;Vous serez redirig\u00e9 vers une page pour confirmer votre mot de passe et mettre \u00e0 jour votre profil.&nbsp;<\/li>\n<\/ol>\n\n\n\n<p>\u26a0\ufe0f&nbsp;<strong>Important :<\/strong>&nbsp;Vous ne pourrez pas vous connecter tant que votre courriel n&rsquo;aura pas \u00e9t\u00e9 valid\u00e9.&nbsp;<\/p>\n\n\n\n<h3 class=\"wp-block-heading\">S\u00e9curit\u00e9 et Connexion&nbsp;<\/h3>\n\n\n\n<p>Pour prot\u00e9ger vos donn\u00e9es, le syst\u00e8me est rigoureux :&nbsp;<\/p>\n\n\n\n<ul class=\"wp-block-list\">\n<li><strong>Blocage temporaire :<\/strong>&nbsp;Apr\u00e8s deux tentatives de connexion erron\u00e9es (mauvais mot de passe ou nom d&rsquo;utilisateur), votre acc\u00e8s sera verrouill\u00e9 pendant&nbsp;<strong>24 heures<\/strong>.&nbsp;<\/li>\n\n\n\n<li><strong>Choix du nom d&rsquo;utilisateur :<\/strong>&nbsp;Choisissez un nom court et m\u00e9morable. \u00c9vitez les espaces, les accents et les caract\u00e8res sp\u00e9ciaux.&nbsp;<\/li>\n\n\n\n<li><strong>Exigences du mot de passe :<\/strong>&nbsp;\n<ul class=\"wp-block-list\">\n<li>Minimum 8 caract\u00e8res.&nbsp;<\/li>\n\n\n\n<li>Au moins une majuscule et une minuscule.&nbsp;<\/li>\n\n\n\n<li>Au moins un chiffre (0-9).&nbsp;<\/li>\n\n\n\n<li>Au moins un caract\u00e8re sp\u00e9cial (@, #, $, %, etc.).&nbsp;<\/li>\n<\/ul>\n<\/li>\n<\/ul>\n\n\n\n<div class=\"wp-block-columns is-layout-flex wp-container-core-columns-is-layout-28f84493 wp-block-columns-is-layout-flex\">\n<div class=\"wp-block-column is-layout-flow wp-block-column-is-layout-flow\">\n<h3 class=\"wp-block-heading\">\u00c0 quoi s&rsquo;attendre (Courriels re\u00e7us)&nbsp;<\/h3>\n\n\n\n<p>Le processus d&rsquo;inscription g\u00e9n\u00e8re plusieurs envois. Surveillez votre bo\u00eete aux lettres&nbsp;&nbsp;<\/p>\n\n\n\n<ol start=\"1\" class=\"wp-block-list\">\n<li>Bienvenue au club&nbsp;et&nbsp;bienvenue sur notre liste de diffusion.&nbsp;<\/li>\n\n\n\n<li>Le courriel&nbsp;de validation (Le plus important !)&nbsp;:&nbsp;Objet :&nbsp;<em>\u00ab Vos informations d&rsquo;enregistrement pour le CCAO \u00bb<\/em>.&nbsp;<\/li>\n\n\n\n<li>Confirmation de validation&nbsp;: Re\u00e7u apr\u00e8s avoir cliqu\u00e9 sur le lien.&nbsp;<\/li>\n<\/ol>\n<\/div>\n\n\n\n<div class=\"wp-block-column is-layout-flow wp-block-column-is-layout-flow\">\n<figure class=\"wp-block-image size-large\"><img loading=\"lazy\" decoding=\"async\" width=\"1024\" height=\"683\" src=\"https:\/\/ccao.mazarol-gate.org\/wp-content\/uploads\/2026\/03\/IMG_2650.JPG-1200x900-90-1024x683.jpg\" alt=\"\" class=\"wp-image-1674\" srcset=\"https:\/\/ccao.mazarol-gate.org\/wp-content\/uploads\/2026\/03\/IMG_2650.JPG-1200x900-90-1024x683.jpg 1024w, https:\/\/ccao.mazarol-gate.org\/wp-content\/uploads\/2026\/03\/IMG_2650.JPG-1200x900-90-300x200.jpg 300w, https:\/\/ccao.mazarol-gate.org\/wp-content\/uploads\/2026\/03\/IMG_2650.JPG-1200x900-90-768x512.jpg 768w, https:\/\/ccao.mazarol-gate.org\/wp-content\/uploads\/2026\/03\/IMG_2650.JPG-1200x900-90.jpg 1200w\" sizes=\"auto, (max-width: 1024px) 100vw, 1024px\" \/><\/figure>\n<\/div>\n<\/div>\n\n\n\n<h3 class=\"wp-block-heading\">Un probl\u00e8me technique ?<\/h3>\n\n\n\n<p>Nous avons test\u00e9 le site sur Chrome, Firefox, Safari et Android sans probl\u00e8me majeur. Si toutefois vous rencontrez un bogue :&nbsp;<\/p>\n\n\n\n<ol start=\"1\" class=\"wp-block-list\">\n<li>Videz le cache de votre navigateur.&nbsp;<\/li>\n\n\n\n<li>Red\u00e9marrez votre navigateur ou votre appareil.&nbsp;<\/li>\n\n\n\n<li>Si le probl\u00e8me persiste, contactez-nous \u00e0&nbsp;<a href=\"mailto:info@ccao.fun\" target=\"_blank\" rel=\"noreferrer noopener\"><strong>info@ccao.fun<\/strong><\/a>.&nbsp;<\/li>\n<\/ol>\n\n\n\n<p>Au plaisir de vous voir sur le terrain !&nbsp;<\/p>\n\n\n\n<p class=\"has-large-font-size\"><strong>L\u2019\u00e9quipe du CCAO<\/strong>&nbsp;<\/p>\n","protected":false},"excerpt":{"rendered":"<p>Cours 101 : Acc\u00e8s \u00e0 la zone membres du CCAO&nbsp; Pr\u00e9ambule&nbsp; Bienvenue dans l&rsquo;espace membre du Club de Chien d\u2019arr\u00eat de l\u2019Outaouais (CCAO) ! Notre nouveau site web a \u00e9t\u00e9 con\u00e7u pour vous simplifier la vie.&nbsp; Gr\u00e2ce \u00e0 votre compte, vous pouvez d\u00e9sormais :&nbsp; Le saviez-vous ?&nbsp;Une fois connect\u00e9, le syst\u00e8me remplit automatiquement les formulaires [&hellip;]<\/p>\n","protected":false},"author":1,"featured_media":0,"parent":0,"menu_order":0,"comment_status":"closed","ping_status":"closed","template":"","meta":{"footnotes":""},"class_list":["post-1747","page","type-page","status-publish","hentry"],"blocksy_meta":{"has_hero_section":"disabled","styles_descriptor":{"styles":{"desktop":"","tablet":"","mobile":""},"google_fonts":[],"version":6}},"featured_image_src":null,"_links":{"self":[{"href":"https:\/\/ccao.mazarol-gate.org\/index.php\/wp-json\/wp\/v2\/pages\/1747","targetHints":{"allow":["GET"]}}],"collection":[{"href":"https:\/\/ccao.mazarol-gate.org\/index.php\/wp-json\/wp\/v2\/pages"}],"about":[{"href":"https:\/\/ccao.mazarol-gate.org\/index.php\/wp-json\/wp\/v2\/types\/page"}],"author":[{"embeddable":true,"href":"https:\/\/ccao.mazarol-gate.org\/index.php\/wp-json\/wp\/v2\/users\/1"}],"replies":[{"embeddable":true,"href":"https:\/\/ccao.mazarol-gate.org\/index.php\/wp-json\/wp\/v2\/comments?post=1747"}],"version-history":[{"count":6,"href":"https:\/\/ccao.mazarol-gate.org\/index.php\/wp-json\/wp\/v2\/pages\/1747\/revisions"}],"predecessor-version":[{"id":1777,"href":"https:\/\/ccao.mazarol-gate.org\/index.php\/wp-json\/wp\/v2\/pages\/1747\/revisions\/1777"}],"wp:attachment":[{"href":"https:\/\/ccao.mazarol-gate.org\/index.php\/wp-json\/wp\/v2\/media?parent=1747"}],"curies":[{"name":"wp","href":"https:\/\/api.w.org\/{rel}","templated":true}]}}