{"id":1761,"date":"2026-03-29T16:19:14","date_gmt":"2026-03-29T21:19:14","guid":{"rendered":"https:\/\/ccao.fun\/?page_id=1761"},"modified":"2026-04-12T08:51:02","modified_gmt":"2026-04-12T13:51:02","slug":"calendrier_ccao","status":"publish","type":"page","link":"https:\/\/ccao.mazarol-gate.org\/index.php\/calendrier_ccao\/","title":{"rendered":"Calendrier CCAO"},"content":{"rendered":"\n<h2 class=\"wp-block-heading has-text-align-center\">Calendrier CCAO<\/h2>\n\n\n\n<div style=\"text-align:center;\">\n   \n    <iframe loading=\"lazy\" src=\"https:\/\/calendar.google.com\/calendar\/embed?height=1000&#038;wkst=1&#038;ctz=America%2FToronto&#038;showPrint=0&#038;src=Y2Nhb3V0YW91YWlzQGdtYWlsLmNvbQ&#038;color=%230b8043\"\n            style=\"border:solid 1px #777\"\n            width=\"1500\"\n            height=\"1000\"\n            frameborder=\"0\"\n            scrolling=\"no\">\n    <\/iframe>\n<\/div>\n\n\n\n<details class=\"wp-block-details is-layout-flow wp-block-details-is-layout-flow\"><summary>Le calendrier du <strong>CCAO<\/strong> regroupe l\u2019ensemble des activit\u00e9s organis\u00e9es par notre club, ainsi que celles de plusieurs autres clubs du Qu\u00e9bec et de l\u2019Ontario. Vous y trouverez \u00e9galement les dates des \u00e9valuations et des tests propos\u00e9s par diff\u00e9rents organismes sp\u00e9cialis\u00e9s dans le dressage et l\u2019\u00e9valuation des chiens de chasse. Comme le CKC, NAVHDA,etc<\/summary>\n<p><\/p>\n<\/details>\n\n\n\n<p><\/p>\n","protected":false},"excerpt":{"rendered":"<p>Calendrier CCAO<\/p>\n","protected":false},"author":1,"featured_media":0,"parent":0,"menu_order":0,"comment_status":"closed","ping_status":"closed","template":"","meta":{"footnotes":""},"class_list":["post-1761","page","type-page","status-publish","hentry"],"blocksy_meta":{"has_hero_section":"disabled","styles_descriptor":{"styles":{"desktop":"","tablet":"","mobile":""},"google_fonts":[],"version":6}},"featured_image_src":null,"_links":{"self":[{"href":"https:\/\/ccao.mazarol-gate.org\/index.php\/wp-json\/wp\/v2\/pages\/1761","targetHints":{"allow":["GET"]}}],"collection":[{"href":"https:\/\/ccao.mazarol-gate.org\/index.php\/wp-json\/wp\/v2\/pages"}],"about":[{"href":"https:\/\/ccao.mazarol-gate.org\/index.php\/wp-json\/wp\/v2\/types\/page"}],"author":[{"embeddable":true,"href":"https:\/\/ccao.mazarol-gate.org\/index.php\/wp-json\/wp\/v2\/users\/1"}],"replies":[{"embeddable":true,"href":"https:\/\/ccao.mazarol-gate.org\/index.php\/wp-json\/wp\/v2\/comments?post=1761"}],"version-history":[{"count":12,"href":"https:\/\/ccao.mazarol-gate.org\/index.php\/wp-json\/wp\/v2\/pages\/1761\/revisions"}],"predecessor-version":[{"id":1803,"href":"https:\/\/ccao.mazarol-gate.org\/index.php\/wp-json\/wp\/v2\/pages\/1761\/revisions\/1803"}],"wp:attachment":[{"href":"https:\/\/ccao.mazarol-gate.org\/index.php\/wp-json\/wp\/v2\/media?parent=1761"}],"curies":[{"name":"wp","href":"https:\/\/api.w.org\/{rel}","templated":true}]}}